{"id":120,"date":"2025-07-23T10:31:43","date_gmt":"2025-07-23T10:31:43","guid":{"rendered":"https:\/\/bentnielson.dk\/?page_id=120"},"modified":"2025-07-23T10:38:44","modified_gmt":"2025-07-23T10:38:44","slug":"led-vel-podcast-om-ledelse","status":"publish","type":"page","link":"https:\/\/bentnielson.dk\/index.php\/led-vel-podcast-om-ledelse\/","title":{"rendered":"Led Vel &#8211; podcast om ledelse"},"content":{"rendered":"<p>Led Vel er en podcast om aktuel ledelse.<\/p>\n<ol>\n<li>S\u00f8g p\u00e5 Led Vel i din app til podcast<\/li>\n<li>Find den p\u00e5 Spotify<\/li>\n<li>Eller lyt online ved at s\u00f8ge p\u00e5 Led Vel i din browser<\/li>\n<\/ol>\n","protected":false},"excerpt":{"rendered":"<p>Led Vel er en podcast om aktuel ledelse. S\u00f8g p\u00e5 Led Vel i din app til podcast Find den p\u00e5 Spotify Eller lyt online ved at s\u00f8ge p\u00e5 Led Vel i din browser<\/p>\n","protected":false},"author":1,"featured_media":0,"parent":0,"menu_order":0,"comment_status":"closed","ping_status":"closed","template":"","meta":{"footnotes":""},"class_list":["post-120","page","type-page","status-publish","hentry"],"_links":{"self":[{"href":"https:\/\/bentnielson.dk\/index.php\/wp-json\/wp\/v2\/pages\/120","targetHints":{"allow":["GET"]}}],"collection":[{"href":"https:\/\/bentnielson.dk\/index.php\/wp-json\/wp\/v2\/pages"}],"about":[{"href":"https:\/\/bentnielson.dk\/index.php\/wp-json\/wp\/v2\/types\/page"}],"author":[{"embeddable":true,"href":"https:\/\/bentnielson.dk\/index.php\/wp-json\/wp\/v2\/users\/1"}],"replies":[{"embeddable":true,"href":"https:\/\/bentnielson.dk\/index.php\/wp-json\/wp\/v2\/comments?post=120"}],"version-history":[{"count":3,"href":"https:\/\/bentnielson.dk\/index.php\/wp-json\/wp\/v2\/pages\/120\/revisions"}],"predecessor-version":[{"id":123,"href":"https:\/\/bentnielson.dk\/index.php\/wp-json\/wp\/v2\/pages\/120\/revisions\/123"}],"wp:attachment":[{"href":"https:\/\/bentnielson.dk\/index.php\/wp-json\/wp\/v2\/media?parent=120"}],"curies":[{"name":"wp","href":"https:\/\/api.w.org\/{rel}","templated":true}]}}